 What is the tens digit of i(5)?
7
Let n be (1 - 2)/(-1)*2. Let y(t) = 6*t**3 + t**2 + 3*t - 3. Let b be y(n). Suppose 96 = 4*o - 4*w, 2*w + 15 = 3*o - b. What is the tens digit of o?
2
Suppose -3*h + 418 = 4*o + 87, -3*o + 3*h + 222 = 0. Suppose -10 = 7*g - 2*g, 2 = -2*x - 4*g. Suppose 0 = x*p - 5 - o. What is the tens digit of p?
2
What is the hundreds digit of (1/2)/(4/164)*124?
5
Let i(f) = 17*f**2 - 15*f - 243. What is the units digit of i(14)?
9
Suppose 4*u - 5 - 7 = -2*b, -3*u + 5*b - 17 = 0. Let r be 4*u/2 + -2. Suppose -4*k + 84 = 4*p, 4*k - 2*p - 2*p - 100 = r. What is the units digit of k?
3
What is the units digit of (1136 - (-1 + 1) - -4) + 4?
4
Suppose -5*s - 4*l = -6220, 4985 = 16*s - 12*s + 5*l. What is the units digit of s?
0
Let g(b) = -b + 1. Let q be g(9). Let t be (-340)/(-16) + 2/q. Suppose 5*c = -10, 2*o + c - t - 39 = 0. What is the units digit of o?
1
Suppose f + 5*l - 22 = 0, 9 = 2*f + 4*l - 11. Suppose 2*y = -f*y + 8. What is the units digit of y/5*4*5?
8
Let u = 6337 + -2340. What is the tens digit of u?
9
Let i = -615 + 882. Suppose -2*o + 11 = -i. What is the units digit of o?
9
Let p = -79 - -291. Suppose -p = -4*r + 2*g, -r = 3*g - 49 - 18. What is the tens digit of r?
5
Let y(l) = 4*l - 52. Let o = 76 - 57. What is the units digit of y(o)?
4
Let u = -91 - -193. Suppose 0 = n + 4*n + 4*s - 95, 0 = 4*n - 2*s - u. What is the units digit of n?
3
What is the units digit of (3/(-6))/(-4*(-2)/(-13136))?
1
Let d = 88 - -443. What is the units digit of d?
1
Let a(s) = -s**3 - 15*s**2 - 14*s + 1. Let t be a(-14). Let u be t/(10/(-6) + 2). Suppose -48 - u = -3*v. What is the units digit of v?
7
Suppose -5*c = -3*h - 7, 13 = -4*h + 2*h + 5*c. Suppose -5*f - 12 = -h*f. Suppose -2*t - f = -5*d, -4*d + 10 = t - 3*t. What is the units digit of d?
2
Let j(s) = s**2 + 2*s - 2. Let y be j(5). What is the tens digit of (1 - (0 + 0)) + (y - 6)?
2
Let d(b) = -22*b + 52. Let l be d(12). Let f = l - -343. What is the tens digit of f?
3
Suppose -2*s = 3*s + 3*a - 126, 4*s = -5*a + 106. What is the tens digit of s?
2
Let t(v) = v**2 - 31*v - 23. What is the hundreds digit of t(38)?
2
Suppose 0*b - 12 = -3*b. Suppose -4*m = 4 + b. What is the tens digit of (3/m)/(3/(-86))?
4
Let d(i) = 38*i**2 - 9*i + 13. What is the hundreds digit of d(7)?
8
Let z(n) = -10 - 1 + 4 - 5*n. Let i be z(3). Let q = i + 40. What is the tens digit of q?
1
Let u(p) = -8*p**3 - 4*p**2 + 6*p. Let x be 45/12 - (-3)/12. Let h be u(x). What is the units digit of h/(-16) - (-2)/(-4)?
4
Let o(q) = 6*q**2 + 26*q - 6. Let z(x) = 7*x**2 + 26*x - 6. Let v(k) = -6*o(k) + 5*z(k). What is the units digit of v(-20)?
6
Let y be ((-70)/(-4))/(2/4). Suppose 5*v + 108 = 2*g - y, -3*g = 4*v - 157. What is the tens digit of g?
5
Let o(s) = 3*s + 2. Let j be o(-1). What is the tens digit of j - -2 - 1740/(-10)?
7
Let r be ((-6)/8)/(9/(-36)). Suppose 0 = -5*z + z, 0 = 5*m + 2*z + 5. What is the units digit of r + m - (-10 + 9)?
3
Let a(r) = 41*r**2 - 3*r - 8. What is the hundreds digit of a(4)?
6
Let r be 1/2 - (-190)/20. Let m be (r/(-4) - -2)*-244. What is the units digit of 14/49 + m/14?
9
Let u be (-19)/38*2*2. Let v be (-25)/u*(-3 + -1). Let k = 97 + v. What is the tens digit of k?
4
Suppose 4*h + 7 + 11 = g, 5*g + h - 48 = 0. Suppose 208 = g*j - 6*j. What is the units digit of j?
2
Let z = 6 - 10. Let h be (-2)/z + (-100)/(-8). Suppose -b + 4 = 2*g, 0 = 3*g - b - b - h. What is the units digit of g?
3
Suppose 0 = -7*m + 4*m + 2*x + 9, 0 = -2*m + 3*x + 6. What is the units digit of (3016/24 - 4) + 1/m?
2
What is the hundreds digit of 0 + 2450 + (-13)/(13/(-6))?
4
Let t = -942 + 2557. What is the hundreds digit of t?
6
Let q = 412 + -103. What is the tens digit of q?
0
Let p be 4/(-22) + (-668)/(-44). Let x = p + -19. Let z(c) = -c**3 - 2*c**2 + 6*c + 5. What is the tens digit of z(x)?
1
Suppose 20 = -3*q + 8*q. Let s be -3 + 13 + (-4)/q. Let a = s - 5. What is the units digit of a?
4
Let o(w) = w**2 - 4*w - 10. Let i be o(6). Suppose -4*j + 2*z + 146 = 0, i*z = -3*j - 2*z + 93. What is the units digit of j?
5
Let s(x) = 38*x**2 + 32*x + 3. What is the thousands digit of s(-9)?
2
Let c(r) = 5*r**2 + 45*r + 54. What is the units digit of c(-16)?
4
What is the tens digit of 5153 + (-3 - 0) - (8 + -13)?
5
Suppose -5*c + c = -44. Let u be 1805/55 + 2/c. Suppose -3*v + u = 3. What is the tens digit of v?
1
Suppose 2*r = 4*a + 74, -2*a - 93 = 3*a - 3*r. Let t be (-3)/a*-34*30. What is the units digit of t/(-7) - 4/14?
4
Suppose o + 2*v + v + 13 = 0, 16 = -4*v. Let c be o*3 - (2 - 6). What is the tens digit of 41/c - (1 + 2)?
3
Suppose 0 = 5*w + 5*d - 4655, w + 7*d - 9*d = 937. What is the hundreds digit of w?
9
Let r = -22 - -73. Suppose p = -f - 0*p + r, 0 = -f + 4*p + 56. What is the units digit of f?
2
Suppose -43*u = -119198 - 35129. What is the units digit of u?
9
Suppose 5176 = 5*k - 3*x, -2*k + 2766 = 3*x + 704. What is the tens digit of k?
3
Let m(l) = 450*l. Let g be m(2). Suppose 0 = -5*v + g + 555. What is the tens digit of v?
9
Suppose -4*w + r = 251, -5*w + 0*r = -4*r + 300. Suppose -2*k = 163 + 49. Let l = w - k. What is the tens digit of l?
4
Suppose 3*p + 5*o - 10 = 0, 4*o = p - 0*o - 9. Suppose 2*i - p*i = 15. Let u(n) = n**3 + 6*n**2 + 3*n + 7. What is the tens digit of u(i)?
1
Suppose -109*c + 119*c = 1870. What is the units digit of c?
7
Suppose -3*y = -v - 42, 2*y - 38 = v + 2. Let h be v - (-2 + 3)*-1. Let o = 76 + h. What is the tens digit of o?
4
Suppose -5*n - 5*k = 15, 5*n - 5 = k - 2. What is the units digit of (n + 2)/1 - (-6 + -7)?
5
Suppose -5*p - 2106 - 132 = 2*j, 462 = -p - 4*j. Let k = p + 699. What is the units digit of k?
3
Let h(w) = -7 - 18*w - 5*w - 5*w. Let b be h(5). Let z = b - -214. What is the units digit of z?
7
Let u be (5 + 22/(-4))/((-2)/4). What is the tens digit of (4 - u)/((-33)/(-1045))?
9
Suppose 12 = 3*i, -3*r + 2195 = -2*i + 799. What is the hundreds digit of r?
4
Let k(r) = -429*r**3 + 3*r**2 + r + 1. What is the hundreds digit of k(-1)?
4
Suppose -2*r + h + 1108 = -h, -3*r - 3*h + 1692 = 0. What is the hundreds digit of r?
5
Suppose 0*u - 3*m = -5*u + 15, -15 = u + 3*m. Suppose u = -6*t + 4*t - 80. Let a = t + 71. What is the units digit of a?
1
Suppose 5*q = -10 + 30. Suppose 4*i = -5*v + 301 + 286, -2*v = -q*i + 622. What is the hundreds digit of i?
1
What is the tens digit of -4 + 1910 - (14 + -5 + -3)?
0
Suppose -3*y = -5*b + 18834, 0 = 127*b - 129*b + 5*y + 7545. What is the units digit of b?
5
Let q = 38 - 36. Suppose 4*c = q*c + 32. What is the units digit of c?
6
Suppose 5*q - 3*q = 0. Suppose q*o = -o. Suppose o*p - 90 = -5*p. What is the tens digit of p?
1
Suppose 3*g - 144 = 5*g. Let d = -44 - g. What is the tens digit of d?
2
Let r(a) = 6*a**3 - 2*a**2 + a - 2. Let g = -22 + 28. Suppose -4*x + g = -0*x + m, m = -3*x + 4. What is the units digit of r(x)?
0
Let b be (-12)/(-2)*9/27. Suppose b*x - 51 - 29 = 0. Suppose -6*n = -n - x. What is the units digit of n?
8
Let s(c) = 11*c**3 - 48*c**3 - c**2 - 1 - c - 51*c**3. What is the tens digit of s(-1)?
8
Suppose -26*b + 30*b - d - 10364 = 0, -2*b = 4*d - 5182. What is the tens digit of b?
9
Suppose 3*r = 18*v - 23*v + 6631, -5*r - 5327 = -4*v. What is the hundreds digit of v?
3
Let a(f) = -f**3 + 10*f**2 - 9*f - 9. Let x(y) = 30*y**3 - y + 1. Let s be x(1). Suppose q - 3*q - s = -5*h, -4*h = 4*q - 52. What is the tens digit of a(h)?
4
Let v = -9 - -47. Suppose -v = -2*s + 42. Suppose 2*x = -3*x + s. What is the units digit of x?
8
Let g(p) be the first derivative of -p**3/3 - p**2/2 + 6*p - 4. Let n be g(3). What is the units digit of ((-34)/(-6))/((-2)/n)?
7
Suppose 10 = -5*w, -3*w + 12 + 218 = 4*f. What is the tens digit of f?
5
Let p(l) = 2*l + 96. What is the tens digit of p(-4)?
8
Let a(p) = 17*p**2 + 9*p - 20. Let o = 82 - 79. What is the hundreds digit of a(o)?
1
What is the hundreds digit of (1796/3)/(20/30)?
8
Let x be 4 + (-1)/(0 + 1). Suppose 2*v + 4*d = 120, 0*d = -x*v + d + 145. Suppose -3*g - 5*r + v = 0, -4*r + 3 = -1. What is the units digit of g?
5
Let f(t) = t**2 + t - 21. Suppose 0*g = 3*g - 15, -4*u = -g - 51. What is the tens digit of f(u)?
8
Let l = 765 - -1678. What is the thousands digit of l?
2
What is the tens digit of 1*(-2)/10 + 2560655/102